se 13.
636c
Convert 17286 (base 9) to base 13.
5559
What is 720 (base 14) in base 7?
4040
Convert 10453 (base 8) to base 4.
1010223
Convert -255 (base 15) to base 6.
-2242
What is -1001100011 (base 2) in base 8?
-1143
2234 (base 5) to base 10
319
What is 15bd (base 16) in base 5?
134230
Convert 110001011 (base 2) to base 3.
112122
What is -1000001011110010 (base 2) in base 15?
-9dec
What is dcd (base 14) in base 12?
16b5
Convert -33231 (base 6) to base 4.
-1020103
1100000011001100 (base 2) to base 3
2111201000
What is 1263 (base 8) in base 11?
579
Convert 11a67 (base 13) to base 9.
48557
What is 55533 (base 8) in base 5?
1222022
-20001 (base 3) to base 4
-2203
What is -2101013 (base 4) in base 8?
-22107
What is 1112130 (base 4) in base 7?
22062
-10102 (base 6) to base 10
-1334
What is -13907 (base 14) in base 8?
-136443
-10330 (base 4) to base 12
-224
-1dc6 (base 14) to base 11
-411a
What is -111101001 (base 2) in base 6?
-2133
Convert 5770 (base 9) to base 13.
1c3b
-2250 (base 8) to base 4
-102220
Convert 2066 (base 9) to base 12.
a66
What is -65a (base 12) in base 14?
-4aa
What is -69417 (base 10) in base 8?
-207451
What is -100001111001 (base 2) in base 3?
-2222100
Convert -111000010001 (base 2) to base 16.
-e11
Convert 1111110100010 (base 2) to base 16.
1fa2
What is 7aa (base 13) in base 4?
110223
What is 244 (base 12) in base 15?
17a
5645 (base 11) to base 10
7430
What is 12342 (base 6) in base 11?
1443
Convert 67621 (base 8) to base 5.
1403221
What is -32352 (base 9) in base 11?
-15113
-7c80 (base 14) to base 5
-1143142
What is -13059 (base 14) in base 3?
-2101002122
What is -1223030 (base 4) in base 7?
-26000
11441 (base 7) to base 9
4058
1689 (base 12) to base 8
5211
2203023 (base 5) to base 4
21100000
Convert -3085 (base 10) to base 6.
-22141
Convert 10130 (base 9) to base 12.
3a39
121100 (base 3) to base 2
110111001
What is 3040 (base 8) in base 13?
938
What is 3202131 (base 5) in base 12?
26ab4
Convert 3e (base 15) to base 12.
4b
Convert -4941 (base 15) to base 9.
-23337
What is -5030 (base 9) in base 7?
-13464
6eba (base 15) to base 8
56027
Convert -34022 (base 5) to base 6.
-15015
-3b1 (base 14) to base 16
-2e7
What is 2fe0 (base 16) in base 7?
50506
-9a8 (base 12) to base 7
-4103
10b07 (base 13) to base 12
15737
Convert -33031 (base 5) to base 10.
-2266
-213313 (base 4) to base 16
-9f7
Convert -711 (base 9) to base 8.
-1101
Convert 45341 (base 6) to base 11.
4896
Convert -d77 (base 14) to base 7.
-10510
Convert -127a (base 12) to base 4.
-200332
Convert -35030 (base 7) to base 16.
-22eb
Convert 502 (base 8) to base 12.
22a
What is -53666 (base 7) in base 3?
-200100102
What is -1100111110 (base 2) in base 4?
-30332
What is -17383 (base 10) in base 8?
-41747
Convert 10200 (base 4) to base 16.
120
Convert -1101100111000 (base 2) to base 12.
-4048
Convert -55d (base 15) to base 11.
-a03
What is 105150 (base 8) in base 3?
1210121022
Convert -881 (base 14) to base 4.
-122101
What is 106a3 (base 12) in base 5?
1143343
Convert -eba (base 16) to base 4.
-322322
What is -1110011 (base 2) in base 14?
-83
Convert -544 (base 11) to base 7.
-1622
What is -545524 (base 6) in base 16?
-b11c
What is -22000 (base 4) in base 8?
-1200
What is -660 (base 11) in base 7?
-2211
Convert 349a (base 11) to base 10.
4586
What is -518 (base 9) in base 3?
-120122
Convert 33c9 (base 13) to base 14.
290b
Convert -358 (base 16) to base 5.
-11411
What is -473 (base 13) in base 11?
-640
What is 100221112 (base 3) in base 16?
1c52
Convert 2748 (base 15) to base 11.
6340
311111 (base 4) to base 14
135b
-23031 (base 5) to base 16
-669
-8ab (base 13) to base 6
-10525
What is -351141 (base 6) in base 8?
-72605
Convert 358 (base 12) to base 7.
1313
Convert 1443 (base 8) to base 9.
1082
Convert -2042 (base 7) to base 15.
-32b
Convert 49a1 (base 15) to base 12.
90a4
Convert -21 (base 14) to base 15.
-1e
Convert -11110101 (base 2) to base 14.
-137
Convert 12321 (base 9) to base 10.
8281
What is -9ac0 (base 13) in base 4?
-11101303
110001010110 (base 2) to base 8
6126
225 (base 7) to base 15
7c
Convert -a5a (base 11) to base 10.
-1275
Convert -3c9b (base 14) to base 7.
-43154
222 (base 15) to base 12
342
50143 (base 6) to base 14
2555
What is -1a1 (base 12) in base 9?
-324
-111011001101001 (base 2) to base 5
-1432223
Convert -37cb (base 16) to base 8.
-33713
-12122123 (base 4) to base 8
-63233
8c (base 14) to base 9
147
What is 8695 (base 10) in base 4?
2013313
-50251 (base 7) to base 6
-132111
Convert 104041 (base 6) to base 5.
234130
Convert 125340 (base 6) to base 5.
332310
What is 111202210 (base 3) in base 11?
75a6
c59 (base 13) to base 10
2102
-13031 (base 5) to base 14
-528
Convert 5c6 (base 16) to base 2.
10111000110
-33012 (base 4) to base 8
-1706
Convert 4c7 (base 14) to base 16.
3bf
33101 (base 4) to base 2
1111010001
524 (base 12) to base 8
1354
-11361 (base 8) to base 5
-123344
14549 (base 14) to base 8
142405
What is 101 (base 3) in base 12?
a
Convert -3639 (base 13) to base 12.
-4519
What is -31365 (base 8) in base 9?
-18804
Convert -184a (base 11) to base 10.
-2353
Convert -22220 (base 4) to base 3.
-221012
85 (base 10) to base 6
221
3265 (base 10) to base 4
303001
Convert 5789 (base 10) to base 12.
3425
What is -78442 (base 9) in base 16?
-cb99
-778 (base 11) to base 14
-4a8
-4636 (base 13) to base 12
-5847
What is -155 (base 16) in base 11?
-290
What is -33375 (base 11) in base 6?
-1011521
Convert 26417 (base 9) to base 12.
a3a4
Convert -23100 (base 7) to base 2.
-1011011111000
Convert -2017 (base 9) to base 10.
-1474
Convert 110111111 (base 2) to base 13.
285
What is 2789 (base 14) in base 13?
3240
What is -34a (base 11) in base 8?
-641
What is 11011100 (base 2) in base 13?
13c
Convert 76b (base 13) to base 15.
59c
-1132201 (base 6) to base 4
-32113021
-204 (base 14) to base 2
-110001100
Convert 36206 (base 7) to base 11.
7044
1320 (base 6) to base 16
150
What is 305 (base 15) in base 4?
22220
Convert 2049 (base 13) to base 12.
26b3
Convert 36852 (base 9) to base 10.
24752
Convert -5a5 (base 14) to base 8.
-2145
342034 (base 5) to base 3
121122210
Convert d4 (base 15) to base 11.
171
What is 12021121 (base 3) in base 14?
1590
2302231 (base 4) to base 6
124541
56a (base 12) to base 15
387
Convert -15136 (base 7) to base 12.
-2514
What is -7aa (base 12) in base 7?
-3214
What is 548 (base 11) in base 2?
1010010001
674 (base 10) to base 9
828
What is 125 (base 12) in base 6?
445
Convert 27245 (base 8) to base 12.
6ab1
-21860 (base 9) to base 4
-3203121
What is 5330 (base 9) in base 3?
12101000
1001002022 (base 3) to base 8
47772
What is -11001000011000 (base 2) in base 4?
-3020120
-cb3 (base 14) to base 13
-11b0
What is -1454 (base 6) in base 15?
-1b4
Convert 13204 (base 7) to base 13.
17b9
Convert 101000010 (base 3) to base 2.
1110001111101
Convert 4ec6 (base 15) to base 2.
100000111000100
Convert 1103312 (base 4) to base 13.
259a
26883 (base 10) to base 6
324243
Convert -1162 (base 11) to base 3.
-2002022
Convert -cc4 (base 14) to base 16.
-9dc
-653 (base 8) to base 2
-110101011
-68c (base 13) to base 8
-2152
301001 (base 6) to base 11
16765
-251 (base 15) to base 13
-316
What is -76a4 (base 13) in base 10?
-16527
What is 21012 (base 3) in base 16?
c2
Convert 3056 (base 10) to base 11.
2329
What is -b37 (base 14) in base 13?
-1008
-31124 (base 5) to base 10
-2039
-1222020 (base 3) to base 4
-112131
What is 1504 (base 6) in base 4?
12100
Convert -100011220 (base 3) to base 10.
-6693
3ca9 (base 13) to base 16
2236
What is 21362 (base 8) in base 9?
13240
-1585 (base 11) to base 5
-31104
What is 4c6 (base 13) in base 16?
346
What is 4000 (base 7) in base 8?
2534
311100 (base 4) to base 13
1722
Convert 14040 (base 5) to base 10.
1145
What is 4923 (base 12) in base 7?
33003
What is 2ea (base 16) in base 8?
1352
-10622 (base 9) to base 11
-5345
Convert 2456 (base 12) to base 8.
10002
-2855 (base 9) to base 2
-100001101100
What is -633 (base 7) in base 3?
-102210
10025 (base 6) to base 9
1718
-b32 (base 12) to base 10
-1622
Convert 221a (base 14) to base 8.
13420
What is 1220 (base 8) in base 5?
10111
Convert 2678 (base 16) to base 2.
10011001111000
-10020231 (base 4) to base 7
-100251
What is 3633 (base 7) in base 5?
20342
2587 (base 11) to base 16
d22
What i